12) to base 11
-18
What is -1020 (base 3) in base 4?
-201
4b (base 13) to base 16
3f
2 (base 7) to base 9
2
-7b (base 13) to base 8
-146
21 (base 11) to base 12
1b
What is -b (base 13) in base 15?
-b
0 (base 14) to base 4
0
Convert f5 (base 16) to base 9.
302
Convert -2f (base 16) to base 9.
-52
Convert 10 (base 4) to base 12.
4
15 (base 10) to base 16
f
What is -1e (base 16) in base 15?
-20
What is 1 (base 8) in base 2?
1
What is -2 (base 13) in base 2?
-10
-141 (base 5) to base 4
-232
-3 (base 11) to base 10
-3
-36 (base 8) to base 10
-30
-5 (base 7) to base 5
-10
Convert -10f (base 16) to base 3.
-101001
Convert -3302 (base 4) to base 9.
-288
What is -141 (base 8) in base 13?
-76
Convert -9 (base 10) to base 11.
-9
Convert -21 (base 13) to base 15.
-1c
Convert 39 (base 14) to base 15.
36
Convert 110 (base 12) to base 10.
156
Convert -3 (base 14) to base 3.
-10
What is 3 (base 16) in base 9?
3
57 (base 13) to base 16
48
Convert -38 (base 10) to base 13.
-2c
2 (base 12) to base 11
2
Convert -110 (base 2) to base 9.
-6
Convert -177 (base 8) to base 15.
-87
What is 30 (base 14) in base 4?
222
What is 41 (base 6) in base 15?
1a
What is 2323 (base 5) in base 16?
152
Convert 0 (base 8) to base 15.
0
-20 (base 11) to base 5
-42
What is 220 (base 4) in base 14?
2c
Convert -16 (base 8) to base 3.
-112
3 (base 8) to base 5
3
What is -5 (base 15) in base 6?
-5
1 (base 15) to base 16
1
-36 (base 10) to base 15
-26
What is -11110 (base 2) in base 4?
-132
What is 31 (base 11) in base 5?
114
6 (base 7) to base 9
6
What is -113 (base 8) in base 16?
-4b
What is 8 (base 13) in base 15?
8
Convert 12 (base 3) to base 11.
5
Convert 11 (base 11) to base 14.
c
4 (base 9) to base 15
4
1440 (base 5) to base 3
100002
54 (base 12) to base 14
48
Convert 122 (base 5) to base 15.
27
-2 (base 11) to base 15
-2
6 (base 9) to base 7
6
Convert 1 (base 12) to base 13.
1
What is -100 (base 3) in base 11?
-9
15 (base 13) to base 2
10010
What is 1 (base 6) in base 14?
1
Convert -1 (base 15) to base 7.
-1
Convert -1 (base 3) to base 2.
-1
-52 (base 16) to base 6
-214
Convert 0 (base 8) to base 5.
0
What is 122 (base 11) in base 16?
91
-3 (base 8) to base 16
-3
-1 (base 7) to base 4
-1
Convert -1 (base 5) to base 3.
-1
What is -36 (base 7) in base 2?
-11011
What is 11 (base 2) in base 16?
3
What is 1020 (base 4) in base 9?
80
What is -3 (base 16) in base 10?
-3
What is 2 (base 16) in base 5?
2
Convert -103 (base 16) to base 12.
-197
-a (base 12) to base 15
-a
What is -c (base 15) in base 4?
-30
29 (base 14) to base 7
52
What is 4 (base 8) in base 7?
4
Convert -66 (base 14) to base 6.
-230
Convert -2 (base 6) to base 8.
-2
What is 2 (base 3) in base 14?
2
Convert -14 (base 6) to base 2.
-1010
-10 (base 4) to base 16
-4
20 (base 5) to base 3
101
Convert -23 (base 8) to base 12.
-17
-65 (base 14) to base 2
-1011001
Convert 11 (base 5) to base 7.
6
-54 (base 10) to base 2
-110110
11 (base 13) to base 12
12
What is -10 (base 13) in base 4?
-31
-118 (base 14) to base 11
-189
What is 4 (base 5) in base 14?
4
What is -37 (base 12) in base 14?
-31
Convert -20 (base 3) to base 7.
-6
What is 20 (base 4) in base 15?
8
What is -2 (base 16) in base 5?
-2
11 (base 4) to base 8
5
What is -15 (base 8) in base 2?
-1101
What is 1a3 (base 12) in base 8?
413
11 (base 2) to base 14
3
What is -13 (base 5) in base 11?
-8
2 (base 7) to base 12
2
0 (base 10) to base 6
0
What is 1230 (base 4) in base 6?
300
41 (base 15) to base 14
45
Convert 0 (base 15) to base 4.
0
Convert 56 (base 14) to base 8.
114
-3 (base 7) to base 6
-3
What is 1063 (base 7) in base 4?
12010
Convert -6 (base 16) to base 12.
-6
12 (base 3) to base 5
10
32 (base 14) to base 16
2c
Convert 40 (base 13) to base 3.
1221
-1112 (base 5) to base 11
-133
What is -20 (base 13) in base 15?
-1b
Convert 255 (base 7) to base 8.
212
What is -11 (base 2) in base 9?
-3
Convert 2 (base 6) to base 11.
2
Convert 2 (base 16) to base 11.
2
11 (base 9) to base 13
a
80 (base 9) to base 4
1020
What is -110000 (base 2) in base 6?
-120
Convert -8 (base 10) to base 4.
-20
Convert 1 (base 8) to base 14.
1
What is -11 (base 5) in base 12?
-6
-40 (base 13) to base 4
-310
Convert -40 (base 15) to base 14.
-44
What is 110111 (base 2) in base 5?
210
3 (base 15) to base 2
11
Convert -200 (base 5) to base 11.
-46
-1b (base 15) to base 9
-28
What is -21 (base 15) in base 6?
-51
Convert -9 (base 14) to base 15.
-9
2 (base 15) to base 13
2
6 (base 16) to base 3
20
What is 0 (base 2) in base 6?
0
What is 1 (base 10) in base 7?
1
-1 (base 9) to base 2
-1
What is 1322 (base 4) in base 8?
172
Convert 23 (base 14) to base 6.
51
28 (base 9) to base 2
11010
Convert -13 (base 9) to base 13.
-c
1021 (base 3) to base 5
114
What is 0 (base 9) in base 14?
0
What is -7b (base 13) in base 9?
-123
-210 (base 3) to base 2
-10101
-1010 (base 2) to base 10
-10
-20 (base 4) to base 9
-8
Convert -6 (base 15) to base 6.
-10
What is -29 (base 16) in base 8?
-51
1 (base 9) to base 2
1
What is -23 (base 12) in base 6?
-43
Convert 10 (base 8) to base 5.
13
Convert -b9 (base 12) to base 6.
-353
What is 1 (base 15) in base 16?
1
0 (base 13) to base 9
0
3 (base 10) to base 15
3
Convert 0 (base 7) to base 15.
0
Convert 117 (base 8) to base 2.
1001111
What is 3 (base 11) in base 8?
3
-3 (base 16) to base 15
-3
Convert 1 (base 5) to base 8.
1
What is 242 (base 5) in base 9?
80
What is -1022 (base 3) in base 5?
-120
Convert 3 (base 11) to base 13.
3
What is -15 (base 9) in base 5?
-24
What is 52 (base 11) in base 14?
41
What is -b (base 13) in base 7?
-14
-10 (base 7) to base 2
-111
Convert 3 (base 16) to base 10.
3
Convert -12022 (base 3) to base 6.
-355
Convert 1010001 (base 2) to base 16.
51
4 (base 14) to base 12
4
1112 (base 3) to base 14
2d
What is 17 (base 13) in base 2?
10100
What is -1 (base 13) in base 12?
-1
1 (base 11) to base 6
1
45 (base 16) to base 12
59
124 (base 5) to base 3
1110
2 (base 10) to base 14
2
110 (base 5) to base 7
42
What is -420 (base 6) in base 2?
-10011100
What is 31 (base 7) in base 12?
1a
What is -94 (base 10) in base 9?
-114
What is 5 (base 14) in base 6?
5
Convert 22 (base 15) to base 8.
40
1 (base 12) to base 3
1
What is -103 (base 4) in base 5?
-34
What is -1103 (base 4) in base 10?
-83
What is 15 (base 8) in base 6?
21
-2 (base 10) to base 2
-10
What is 11 (base 5) in base 3?
20
What is -2 (base 13) in base 8?
-2
-2 (base 5) to base 16
-2
Convert -55 (base 12) to base 7.
-122
What is -10 (base 10) in base 6?
-14
Convert -1 (base 4) to base 11.
-1
Convert 265 (base 10) to base 2.
100001001
What is -49 (base 10) in base 7?
-100
Convert 0 (base 8) to base 5.
0
Convert -11 (base 2) to base 16.
-3
What is -55 (base 15) in base 9?
-88
Convert -14 (base 7) to base 15.
-b
-10 (base 4) to base 8
-4
-41 (base 16) to base 13
-50
-11001101 (base 2) to base 14
-109
Convert -2 (base 12) to base 5.
-2
Convert -2020 (base 3) to base 16.
-3c
1 (base 11) to base 9
1
What is -17 (base 13) in base 6?
-32
What is -33 (base 6) in base 2?
-10101
What is -32 (base 15) in base 14?
-35
What is 9 (base 14) in base 6?
13
22 (base 14) to base 11
28
What is -1d (base 15) in base 12?
-24
Convert -200 (base 3) to base 6.
-30
What is -13 (base 5) in base 10?
-8
What is 0 (base 13) in base 16?
0
Convert 10 (base 2) to base 15.
2
What is 0 (base 12) in base 14?
0
What is 0 (base 2) in base 8?
0
5 (base 15) to base 7
5
What is 3 (base 15) in base 16?
3
78 (base 11) to base 6
221
What is -10 (base 2) in base 14?
-2
-2 (base 15) to base 16
-2
Convert 102 (base 3) to base 8.
13
What is -3c (base 15) in base 2?
-111001
-10220 (base 3) to base 16
-69
What is -1a1 (base 12) in base 10?
-265
376 (base 10) to base 7
1045
What is -3 (base 8) in base 6?
-3
Convert -23 (base 12) to base 7.
-36
What is -1 (base 7) in base 2?
-1
302 (base 4) to base 14
38
Convert -2 (base 3) to base 12.
-2
Convert -3 (base 6) to base 16.
-3
Convert -3 (base 15) to base 6.
-3
Convert 72 (base 9) to base 14.
49
-1 (base 15) to base 11
-1
-10 (base 9) to base 16
-9
What is 24 (base 15) in base 3?
1021
What is 1 (base 8) in base 7?
1
1023 (base 4) to base 14
55
Convert 0 (base 4) to base 7.
0
-5 (base 8) to base 10
-5
10b (base 12) to base 4
2123
What is 24 (base 14) in base 3?
1012
9 (base 15) to base 7
12
12 (base 3) to base 8
